0453
List the prime factors of 104451.
3, 37, 941
What are the prime factors of 5265482?
2, 23, 114467
List the prime factors of 636142.
2, 13, 43, 569
List the prime factors of 3128848.
2, 283, 691
List the prime factors of 203407.
107, 1901
List the prime factors of 7869.
3, 43, 61
List the prime factors of 15888815.
5, 73, 101, 431
What are the prime factors of 450688?
2, 7, 503
What are the prime factors of 193568?
2, 23, 263
List the prime factors of 9927649.
167, 59447
What are the prime factors of 1658589?
3, 83, 6661
What are the prime factors of 6993070?
2, 5, 7, 99901
List the prime factors of 7012331.
7012331
What are the prime factors of 2702753?
23, 117511
What are the prime factors of 5405669?
5405669
List the prime factors of 2621247.
3, 17, 103, 499
What are the prime factors of 7926134?
2, 1123, 3529
List the prime factors of 8294694.
2, 3, 1382449
List the prime factors of 300153.
3, 7, 14293
List the prime factors of 205683.
3, 17, 37, 109
List the prime factors of 219873.
3, 73291
List the prime factors of 323265.
3, 5, 23, 937
What are the prime factors of 1910090?
2, 5, 7, 13, 2099
What are the prime factors of 5947695?
3, 5, 13, 3389
List the prime factors of 153220.
2, 5, 47, 163
What are the prime factors of 890934?
2, 3, 11, 13499
What are the prime factors of 964964?
2, 7, 11, 13, 241
List the prime factors of 1163492.
2, 11, 31, 853
List the prime factors of 22561644.
2, 3, 7, 41, 6551
What are the prime factors of 14181194?
2, 7090597
List the prime factors of 24673.
11, 2243
List the prime factors of 5501765.
5, 1100353
What are the prime factors of 2118196?
2, 19, 47, 593
List the prime factors of 336520.
2, 5, 47, 179
List the prime factors of 1863896.
2, 232987
What are the prime factors of 657927?
3, 41, 1783
What are the prime factors of 27033751?
19, 953, 1493
What are the prime factors of 24294864?
2, 3, 11, 47, 89
List the prime factors of 187757.
359, 523
What are the prime factors of 840312?
2, 3, 11, 1061
What are the prime factors of 83219?
83219
What are the prime factors of 377063?
127, 2969
What are the prime factors of 1642814?
2, 31, 26497
What are the prime factors of 1607320?
2, 5, 11, 13, 281
List the prime factors of 20461205.
5, 359, 11399
List the prime factors of 975858.
2, 3, 13, 12511
What are the prime factors of 9896510?
2, 5, 13, 269, 283
List the prime factors of 1381708.
2, 223, 1549
List the prime factors of 5154924.
2, 3, 29, 14813
List the prime factors of 8583810.
2, 3, 5, 17, 16831
What are the prime factors of 9391853?
29, 31, 337
What are the prime factors of 987441?
3, 7, 13, 3617
List the prime factors of 74260.
2, 5, 47, 79
List the prime factors of 8601112.
2, 13, 191, 433
What are the prime factors of 1097295?
3, 5, 191, 383
List the prime factors of 11842117.
7, 433, 3907
What are the prime factors of 2326086?
2, 3, 7, 18461
What are the prime factors of 5169418?
2, 37, 69857
List the prime factors of 1319364.
2, 3, 67, 547
What are the prime factors of 85978?
2, 42989
What are the prime factors of 102642?
2, 3, 17107
List the prime factors of 530797.
530797
List the prime factors of 2200209.
3, 11, 61, 1093
What are the prime factors of 2808109?
47, 59747
What are the prime factors of 16994631?
3, 23, 71, 3469
What are the prime factors of 1413734?
2, 7, 100981
What are the prime factors of 228041?
11, 20731
What are the prime factors of 25111536?
2, 3, 47, 11131
List the prime factors of 38552.
2, 61, 79
What are the prime factors of 1560537?
3, 11, 1433
What are the prime factors of 2296990?
2, 5, 229699
What are the prime factors of 452662?
2, 7, 31, 149
What are the prime factors of 232546?
2, 116273
What are the prime factors of 244473?
3, 19, 4289
What are the prime factors of 605579?
13, 37, 1259
List the prime factors of 1467697.
7, 11, 389
What are the prime factors of 33725293?
7, 4817899
List the prime factors of 111110.
2, 5, 41, 271
List the prime factors of 2196664.
2, 274583
What are the prime factors of 3094605?
3, 5, 283
What are the prime factors of 683983?
683983
List the prime factors of 5640666.
2, 3, 71, 13241
List the prime factors of 4616304.
2, 3, 7, 11, 1249
List the prime factors of 3049790.
2, 5, 304979
List the prime factors of 955974.
2, 3, 283, 563
List the prime factors of 487470.
2, 3, 5, 16249
List the prime factors of 649674.
2, 3, 53, 227
What are the prime factors of 302211?
3, 7, 13, 41
What are the prime factors of 654767?
654767
What are the prime factors of 531700?
2, 5, 13, 409
What are the prime factors of 1730032?
2, 108127
List the prime factors of 1069145.
5, 7, 11, 2777
List the prime factors of 95013.
3, 17, 23
What are the prime factors of 117399?
3, 39133
List the prime factors of 627902.
2, 11, 28541
List the prime factors of 444874.
2, 222437
What are the prime factors of 82650?
2, 3, 5, 19, 29
What are the prime factors of 62179?
13, 4783
What are the prime factors of 24458?
2, 7, 1747
What are the prime factors of 5630253?
3, 37, 50723
List the prime factors of 181140.
2, 3, 5, 3019
List the prime factors of 10233647.
19, 67, 8039
List the prime factors of 460682.
2, 230341
What are the prime factors of 4221384?
2, 3, 175891
What are the prime factors of 2574205?
5, 514841
What are the prime factors of 404645?
5, 80929
List the prime factors of 1091533.
83, 13151
What are the prime factors of 463750?
2, 5, 7, 53
List the prime factors of 1798583.
17, 241, 439
What are the prime factors of 180350?
2, 5, 3607
List the prime factors of 78818.
2, 39409
What are the prime factors of 7028076?
2, 3, 11, 37, 1439
List the prime factors of 5393732.
2, 1051, 1283
List the prime factors of 8896784.
2, 13, 42773
List the prime factors of 3189589.
13, 73, 3361
What are the prime factors of 332148?
2, 3, 89, 311
List the prime factors of 199109.
199109
What are the prime factors of 3689687?
149, 24763
What are the prime factors of 145798?
2, 269, 271
List the prime factors of 397671.
3, 71, 1867
What are the prime factors of 878322?
2, 3, 17, 79, 109
List the prime factors of 9651425.
5, 7, 131, 421
List the prime factors of 278892.
2, 3, 61, 127
What are the prime factors of 2213480?
2, 5, 55337
What are the prime factors of 302262?
2, 3, 50377
List the prime factors of 5513802.
2, 3, 7, 53, 2477
What are the prime factors of 221964?
2, 3, 53, 349
What are the prime factors of 13826092?
2, 7, 101, 4889
What are the prime factors of 13667280?
2, 3, 5, 11, 31, 167
List the prime factors of 2378671.
2378671
List the prime factors of 187983.
3, 20887
List the prime factors of 4130637.
3, 7, 239, 823
What are the prime factors of 1115082?
2, 3, 61949
What are the prime factors of 205883?
205883
What are the prime factors of 644528?
2, 40283
What are the prime factors of 1143669?
3, 381223
List the prime factors of 9623.
9623
What are the prime factors of 3195824?
2, 199739
What are the prime factors of 1592155?
5, 318431
List the prime factors of 24073934.
2, 433, 27799
What are the prime factors of 668025?
3, 5, 2969
List the prime factors of 645234.
2, 3, 31, 3469
List the prime factors of 273209.
29, 9421
What are the prime factors of 5636777?
67, 84131
What are the prime factors of 8149858?
2, 4074929
What are the prime factors of 1493740?
2, 5, 74687
List the prime factors of 236212.
2, 59053
What are the prime factors of 1758089?
17, 19, 5443
What are the prime factors of 223736?
2, 27967
List the prime factors of 1104469.
103, 10723
List the prime factors of 15051220.
2, 5, 83, 9067
List the prime factors of 225238.
2, 13, 8663
What are the prime factors of 392282?
2, 11, 1621
What are the prime factors of 219389?
219389
What are the prime factors of 406427?
7, 58061
What are the prime factors of 747927?
3, 27701
List the prime factors of 100381.
37, 2713
What are the prime factors of 1183274?
2, 43, 13759
List the prime factors of 492649.
103, 4783
What are the prime factors of 666791?
17, 61, 643
List the prime factors of 1063024.
2, 29, 79
What are the prime factors of 629940?
2, 3, 5, 10499
What are the prime factors of 79575?
3, 5, 1061
List the prime factors of 32919699.
3, 59, 185987
List the prime factors of 9672788.
2, 23, 47, 2237
List the prime factors of 28443041.
11, 67, 38593
List the prime factors of 714204.